 y is divided by q(7)?
18
Let d(o) = -o**2 + 4*o + 4. Let w = 4 + 4. Suppose j - 4*y = -w, 5*j - y - 5 = 4*y. Calculate the remainder when d(3) is divided by j.
3
Let a(v) be the first derivative of -v**3/3 + 4*v**2 + v - 5. Calculate the remainder when a(5) is divided by 10.
6
Let c = 9 + -6. Let s be (-34)/4 + c/6. Let f(y) = -5*y + 1. What is the remainder when f(s) is divided by 11?
8
What is the remainder when 201 is divided by 4 + (-189)/(-7) + -1?
21
Let a be (22/8*7)/(10/(-40)). Let n = a + 159. Calculate the remainder when n is divided by 17.
14
Let l(u) = u + 3. Let c(a) = a**3 - 3*a**2 - a - 3. Let d be c(4). What is the remainder when (-188)/(-14) - d/21 is divided by l(4)?
6
Suppose -40 = 16*o - 88. What is the remainder when 46 is divided by o?
1
Suppose 60 = -2*t + 5*t. Calculate the remainder when (-44)/8*(-13 + -1) is divided by t.
17
Calculate the remainder when 109 is divided by 5*36/(-30) + 35.
22
Let g = -6 + 10. Calculate the remainder when 11 is divided by (g/6)/(3/18).
3
Let b(g) = g**2 - 2*g - 10. Let u be b(5). Let r be -1 + 0/(-1) + u. Suppose -18 = -r*h + 14. What is the remainder when 28 is divided by h?
4
Suppose 0 = 3*u - 2*x - 342, 3*u - 4*u + 4*x = -104. What is the remainder when u is divided by 41?
34
Let p(z) = z**3 + 2*z**2 - 4. Let a be p(-3). Let t(y) = -10*y + 15. Let v be t(a). Let h = 207 - v. Calculate the remainder when h is divided by 16.
14
Suppose -l = -3*l + 4*u + 62, 5*l + u = 188. Suppose t = 5*x - 75, 4*x + 3*t - 25 = 16. Calculate the remainder when l is divided by x.
9
Suppose 0 = d + 167 - 200. What is the remainder when 113 is divided by d?
14
Suppose -86 - 399 = -5*l - 2*x, 5*l - 460 = 3*x. Let w = -3 - -8. Suppose -3*r = -0*n - w*n + l, 5*n = -3*r + 65. What is the remainder when 62 is divided by n?
14
Suppose -5*a + 15 = 0, 3*a = 4*c + 12 - 51. Calculate the remainder when 34 is divided by (-1*8/c)/((-2)/54).
16
Suppose -2*b - b + 5*z = -89, b - 2*z = 31. Let r(s) = -9*s**3 - s**2 + s + 1. Let d be r(-1). Calculate the remainder when -4 - (d/2 + -53) is divided by b.
22
Let l = 104 - 110. Calculate the remainder when 18 is divided by ((-8)/l)/((-14)/(-105)).
8
Suppose g - 16 = 3*d + d, -64 = -4*g + d. Let i = g + 35. What is the remainder when i is divided by 28?
23
Let z(i) = 28*i + 5. Let u(l) = 55*l + 10. Let k(c) = 3*u(c) - 7*z(c). Let g be k(-8). Let q = g - 171. What is the remainder when q is divided by 15?
12
Suppose -2*f = -4*f - 3*u + 19, 63 = 4*f + u. Let j(z) = -4*z + 2*z**2 - 3 + 0*z + z - 1. What is the remainder when f is divided by j(3)?
2
Suppose -2*a + 80 = 2*a. Suppose -59 = -5*f - 4. Calculate the remainder when a is divided by f.
9
Let o(h) = 17*h + 1. Suppose 0 = -3*w + 75 + 15. What is the remainder when w is divided by o(1)?
12
Let v(m) = 2*m - 17. Let n be v(21). Suppose -n*x = -23*x - 22. Suppose -2*p + l = -13, -4*l + 34 = 5*p - 8*l. What is the remainder when x is divided by p?
5
Suppose 15 = m + 2*m + 3*c, -2*m + 2*c = -10. Let b = 4 - -1. Suppose 0 = -b*f - p + 9, m*f + 2*p + 3*p - 5 = 0. What is the remainder when 5 is divided by f?
1
Let k(h) = -h + 40. Let j be k(25). Calculate the remainder when 1146/j - 3/(-5) is divided by 13.
12
Let f be (-4 - 0)/8*-10. Suppose 2*q + 2*m = 46, -124 = -f*q + 6*m - 2*m. Calculate the remainder when q is divided by 9.
6
Let u = 60 - 60. Suppose -o + 5 = u, -f - 12 = -5*o + 2. Calculate the remainder when f is divided by 6.
5
Let h = -1343 - -1519. What is the remainder when h is divided by 27?
14
Suppose 0 = 4*u + 4*m - 31 - 161, -3*m = 5*u - 246. Calculate the remainder when 454 is divided by u.
46
Let k = 10 + -3. Let r(c) be the first derivative of c**4/4 - 2*c**3 - 3*c**2 + 3*c - 8. Calculate the remainder when r(k) is divided by 3.
1
Suppose -13 = -2*f - 9. Suppose -2*h + 5*s = f*h - 113, -2*h + 4*s = -64. What is the remainder when h is divided by 8?
6
Let z = -598 + 1087. What is the remainder when z is divided by 70?
69
Let z(b) = -2*b + 2. Let v(w) = -2*w + 5. Let f be v(2). Calculate the remainder when 48/9 + f/(-3) is divided by z(-1).
1
Suppose 3*j = -2*m + 282, -m = -3*j - 56 - 85. Let k(n) = -2*n**3 + 14*n**2 - 7*n - 6. What is the remainder when m is divided by k(6)?
21
Let l(g) = g**3 - 2*g**2 - 2*g + 32. Let a be l(0). Suppose a*m - 110 = 27*m. Calculate the remainder when 63 is divided by m.
19
Let l = 10 - 13. Calculate the remainder when 1/3 + (-293)/l is divided by 20.
18
Let f(k) = -6*k - 98. Calculate the remainder when 28 is divided by f(-20).
6
Suppose 2*t - 16 = -18. Calculate the remainder when (12/(-10))/((-3 + t)/20) is divided by 4.
2
Let s(n) = -2*n - 1. Let f(y) = y**3 - 9*y**2 + 23*y + 7. Calculate the remainder when f(6) is divided by s(-3).
2
Suppose -2*x + 3*k + 22 = 0, -12 = -0*k - 3*k. What is the remainder when x is divided by 15?
2
Let n(u) = u**2 - 3*u + 2. Let x be n(-5). Let b = -74 - 6. Let v = x - b. Calculate the remainder when v is divided by 31.
29
Suppose -3*c + 1 + 29 = 0. What is the remainder when 35 is divided by c?
5
What is the remainder when 48 - (35/5 - 5) is divided by 8?
6
Let k(m) be the first derivative of m**3/3 + 3*m**2/2 + 3*m - 3. Let j be k(-3). Suppose 0 = -j*x + 16 + 2. Calculate the remainder when 17 is divided by x.
5
Let u = -1777 - -1783. What is the remainder when 328 is divided by u?
4
Let u = -14 - -13. Let f be (4 - 0) + (-2 - u). What is the remainder when (f - -1)*37/4 is divided by 20?
17
Suppose 3*b - 66 = -0*b. Calculate the remainder when 65 is divided by b.
21
Let q = -12 + 16. Suppose q*t + 90 = 5*b, -3*t + 36 = 4*b + t. Calculate the remainder when 53 is divided by b.
11
Let u(q) = -3 - q**2 + 7 + 2*q**2 - 3*q. Calculate the remainder when 8/18 - (244/(-18) + 0) is divided by u(4).
6
Let u(b) = -12*b. Let d be u(-3). Suppose -5*s = -85 - 65. Let l = d - s. What is the remainder when 47 is divided by l?
5
Let l be 2*2/(12/9). Suppose -l*m + 48 = m - 4*j, -5*j = -2*m + 18. What is the remainder when m is divided by 8?
6
Suppose 0 = -3*v - b + 781, -3*v + 2*b + 778 = -0*v. Calculate the remainder when v is divided by 29.
28
Let x = 205 - 167. Calculate the remainder when x is divided by 11.
5
Let h be 233/7 - (4 - (-52)/(-14)). Let x = 53 - h. Calculate the remainder when 79 is divided by x.
19
Suppose -l = -c + 8, -4*l - 17 - 9 = -3*c. Suppose -5*w = -c*w - 24. Let o = 26 + w. Calculate the remainder when 4 is divided by o.
0
Calculate the remainder when 7 + 15/9*339 is divided by 16.
12
Let m(t) = -26*t**3 + 13*t + 25. Calculate the remainder when m(-2) is divided by 11.
9
Suppose -817 = -6*g - 277. Suppose -30*r + 36*r = g. What is the remainder when 41 is divided by r?
11
Let v(d) = 29*d - 218. What is the remainder when v(11) is divided by 13?
10
Let s(a) = 83*a**2 + 9*a - 13. What is the remainder when s(2) is divided by 26?
25
Let a = 173 + 144. What is the remainder when a is divided by 106?
105
Let s = 335 - 316. Let x be ((-54)/(-8))/((-9)/(-24)). Suppose 4*j - 2 - x = 0. What is the remainder when s is divided by j?
4
Let n = 637 + -600. What is the remainder when 57 is divided by n?
20
Suppose -164 = -3*f - f. Let o = -18 + f. Let a(v) = v + 12. Calculate the remainder when o is divided by a(-6).
5
Suppose 200 = 3*q - 4*x, -q + 3*x + 2*x + 52 = 0. Calculate the remainder when q is divided by 38.
34
Let g(k) = -k**3 - 3*k**2 + 4*k + 8. Let x be g(-5). Let z = x - 54. Let c = 21 + z. Calculate the remainder when 19 is divided by c.
4
Suppose -3*r = 2*r + 825. Let m = -93 - r. What is the remainder when m is divided by 25?
22
Let f(z) = -z**3 - 3*z**2 - 2*z - 1. Let y be f(-3). Let k be 30/18*6/y. Suppose -k*w = -4*w + 48. Calculate the remainder when 46 is divided by w.
22
Calculate the remainder when (-4)/(-12) + 4717/159 is divided by 20.
10
Suppose -n + 5 - 1 = 0. Calculate the remainder when ((-6)/n)/(42/(-2492)) is divided by 13.
11
Calculate the remainder when 115 is divided by (-156)/(-273) - (-24)/7.
3
Let l = 74 + -34. Suppose 0*y - l = -2*y. Calculate the remainder when 5/(y/8) - -42 is divided by 15.
14
Suppose -164*g - 147 = -185*g. What is the remainder when 527 is divided by g?
2
Let r(l) = -l**3 - 11*l**2 - 12*l + 12. Let q(n) = 6*n - 1 - 8*n - 2*n + 9*n**2. What is the remainder when q(4) is divided by r(-10)